2 + 65*g - 19. Suppose 0 = -37*p + 389 + 1535. Is x(p) a prime number?
True
Let q = 25 - 31. Let c(v) = v**2 + 8*v + 15. Let r be c(q). Suppose 3*i - 5280 = -r*z, -5*z + i + 8798 = 4*i. Is z a prime number?
True
Let t = 14778 - 4465. Suppose -s = -2*m + s + 5164, s = -4*m + t. Is m a prime number?
True
Is (-197686850)/(-1072) - ((0 - (-6)/16) + 0) composite?
False
Is -3*(234228/(-36) - 4) prime?
True
Let l = 7413 - 3567. Suppose -52*n + 50*n + l = 0. Is n a prime number?
False
Let t = -316 + 304. Is ((-36)/24)/(t/26464*2) composite?
True
Let n(o) = -2227*o**3 - 6*o**2 + 266*o + 820. Is n(-3) prime?
False
Suppose -6*j + 7*j = 0. Let d be 6*(-3 - j - -2). Let c = d - -589. Is c prime?
False
Suppose -5*d = 41 + 79. Let r(f) = f**3 + 23*f**2 - 28*f + 43. Is r(d) a composite number?
False
Suppose -7*v + 68 = -86. Suppose 12*p + v = -158. Is 6/4*(-1910)/p a composite number?
False
Suppose 4*l + 3*u - 8397 = 0, 4*l - 4*u = 6145 + 2287. Is (-12 - (3 + -7)) + l composite?
True
Let b be ((-1180)/30)/(1/((-153)/(-6))). Let c = b + 21368. Is c prime?
False
Let f = 143535 + -34948. Is f a prime number?
True
Is 10/(-80)*0 + 70743/1 prime?
False
Let i(b) = -2*b + 26. Let p be i(13). Suppose -3*k + p = 3, -348 = -5*q - 2*k. Suppose -q = -5*t - 20. Is t a prime number?
False
Is (((-30080790)/9)/10)/(2 - 3) a composite number?
False
Let l = 70915 - 12432. Is l a composite number?
True
Let l = -48 - -51. Suppose -l*t + 2936 = c + 726, -5*t - 2*c = -3683. Let y = t - 223. Is y composite?
True
Let z = 39 + -48. Let l be -1*((1 - -6) + -3) - z. Suppose 0 = w + 3*j + j - 559, -2*w - l*j + 1109 = 0. Is w prime?
True
Let v(i) = 3*i**2 - 3*i + 3. Let a be v(1). Suppose -3*b - 53 = -a*s - 152, 2*b - 3*s = 67. Is b/(-8) - (-307 - -2) composite?
True
Let m(l) = -l**3 + 6*l**2 + 11*l - 9. Let p be m(7). Suppose 0 = -n - v + 3, 0 = -2*n - 0*v + 3*v - p. Is (-7 - -5)/(n/581) a prime number?
False
Suppose -6*a = -11*a + 2495. Let n = -375 - -87. Let j = n + a. Is j composite?
False
Let y(n) = 14104*n - 10829. Is y(103) a prime number?
True
Let f(k) = -5438*k - 10. Let c be f(-14). Suppose 148*i - c = 142*i. Is i a composite number?
True
Suppose -3*k + 3*l = -128331 - 25866, -205592 = -4*k + 5*l. Is k a prime number?
False
Let o(d) = -2245*d + 129. Is o(-4) a composite number?
False
Let i = -364676 + 608193. Is i composite?
False
Let c be 5/(75/(-20))*-1884. Suppose -5*b + 18*g - 17*g + 12518 = 0, -b + c = -3*g. Is b prime?
True
Let f be (-23 + 17)/(1 - 3). Suppose -3*o = 4*j - 1153, 88 = -2*o + f*j + 834. Is o prime?
True
Let b = -79968 + 45052. Let d = -20653 - b. Is d composite?
True
Let g(a) = 31646*a**2 - 101*a - 381. Is g(-4) composite?
True
Let a be (-3168)/(-168) + (-12)/14. Is (a + -3 - 2)*11 a prime number?
False
Let q = -212990 + 421729. Is q a composite number?
False
Let l = 5061 + -355. Let n = l - -13001. Is n composite?
False
Suppose 0 = -41*i + 123765 + 231500. Is i composite?
True
Let v(r) be the second derivative of -r**5/20 - r**4/12 + 7*r**3/6 - 7*r**2/2 - 10*r. Let h be v(-5). Let i = h - -143. Is i a prime number?
False
Suppose 796816 = 30*c - 1480274. Is c composite?
True
Let s = 585 - 586. Is ((-88943)/58)/(s/14) a prime number?
False
Suppose 0 = 73*z - 58*z - 9061185. Is z composite?
True
Let j(f) = 1. Let r(l) = 19*l**2 + 11*l - 14. Let a(z) = -5*j(z) + r(z). Is a(15) a prime number?
True
Let k be (10/5 - 1) + -2. Let f(p) = 5*p**3 + 2*p**2 - 1. Let m be f(k). Is 4 + m - -629 - -2 composite?
False
Let f be 1*(5 - -1 - 0) + 1. Let d(g) = 3*g**2 - 21*g - 8. Let b be d(f). Is (-1)/(b/1066) + (-33)/(-44) prime?
False
Suppose -7*i - 3*a = -2*i - 119, 2*a + 79 = 3*i. Suppose 0 = 4*x + 4, -4*x - 3867 = -2*p - i. Suppose 0 = y - 3036 - p. Is y prime?
False
Let j = 41 - 41. Suppose j = f - 2*v - 125, -f + 0*f - 2*v + 113 = 0. Suppose 22 = -i + f. Is i composite?
False
Let c(i) = 7*i - 13. Let h be c(7). Let b = -42 + h. Is (790/(-15))/(b/27) a composite number?
True
Let k(y) be the third derivative of y**6/120 + 29*y**5/60 + 4*y**4/3 + 7*y**3/2 - y**2 - 9*y. Is k(-22) a prime number?
False
Suppose -14*o + 2294213 = 5*r - 18*o, 917625 = 2*r + 7*o. Is r composite?
True
Let w be (1 - -8) + -3 - 12/4. Suppose o - 3*c = 5364, 5*o + w*c - 7*c = 26776. Let s = -3715 + o. Is s composite?
False
Let d be (-10)/(-15) + 7/(105/66140). Let b = d - -547. Is b prime?
True
Let h = -607 + 609. Is ((-76656)/60)/(h/(-5)) a composite number?
True
Suppose -6*g - 12 + 0 = 0. Let x(u) = -3*u**3 - 3*u**2 + 4*u. Let i be x(g). Suppose j - i*j = -8169. Is j prime?
False
Let i = -33 + 38. Suppose 4577 = -2*q - 2*b + 3*b, i*q = -5*b - 11450. Is q/(-35) - 4/10 a prime number?
False
Let q(y) = 161*y - 39. Let h be 6/(-3)*(26/(-4) - 2). Let t(z) = z**3 - 16*z**2 - 18*z + 25. Let b be t(h). Is q(b) a composite number?
False
Let v(s) = s**3 + 23*s**2 + 13*s - 13. Let p be v(-12). Suppose n - 4*l - p = -428, l + 3888 = 4*n. Is n a prime number?
True
Let u be (2/3)/((-4)/18) - -583. Let y = 2237 - u. Let l = -1142 + y. Is l a composite number?
True
Let q(i) be the second derivative of i**4/6 + 7*i**3/2 + 23*i**2/2 - 58*i. Is q(-18) a composite number?
False
Let m(p) be the first derivative of -p**4 - 44*p**3/3 + 11*p**2/2 - 17*p - 97. Is m(-18) composite?
True
Let b(z) = -24367*z + 258. Is b(-5) a composite number?
True
Let h = -32922 - -80527. Is h prime?
False
Suppose 3*h = -2*h + 15. Suppose -2*x = 29*g - 25*g + 14, -x + 2*g = -13. Is x + -93*(-20)/h prime?
False
Let y = 13818 + -6259. Is y a composite number?
False
Let k be (10/(-6))/(2 + 87/(-45)). Let y(z) = z**3 + 24*z**2 - 43*z - 31. Is y(k) a composite number?
False
Let p = -20435 - -29946. Is p a composite number?
False
Let g(k) = -k**3 + 7*k**2 + 17*k - 9. Let n be g(7). Let p = -56 + n. Suppose -2*r - 5*d - 103 = -266, r - 3*d = p. Is r a composite number?
True
Let g = -6790 - -12011. Is g composite?
True
Suppose 3*v - 137561 = 2*n, -3*v = 4*n - 7*n - 137556. Suppose -47903 = -4*k + v. Suppose 0 = 15*m - k + 4435. Is m prime?
False
Suppose -3*i = -3*k - 138, 0 = 5*i + 2*k - 3*k - 214. Suppose -4*d = 8, i*d = 2*j + 40*d - 24722. Is j a composite number?
True
Let y(f) = f**3 - 27*f**2 - 4*f - 2. Let h be y(27). Is (h/(-165))/((-2)/(-5835)) prime?
False
Suppose -11*y = -14*y + 24. Let t be -11 + y + 41*19. Let q = 1275 - t. Is q a prime number?
True
Let l = 95868 - 63155. Is l a prime number?
True
Let n(g) = 14901*g - 2504. Is n(2) composite?
True
Let p(v) = 613*v**2 - 16*v - 770. Is p(-29) composite?
False
Suppose 3*a - 78*b + 79*b = 2802762, a - 5*b = 934238. Is a composite?
False
Suppose 5*l - 9 = -2*x + 8, 2*l = -x + 8. Suppose x*q - 21*q = -14295. Is q a prime number?
True
Let v be (1 - -2)/((-27)/18). Let x(b) = -347*b**2 + 3*b - 7. Let z(f) = 1734*f**2 - 16*f + 36. Let w(n) = v*z(n) - 11*x(n). Is w(2) a composite number?
False
Is 22/(((-256)/3448)/(-4))*4 prime?
False
Is 105/(-175) - 431888/(-5) a composite number?
True
Suppose -24*x + 14*x = -111840 - 88670. Is x composite?
False
Is (-1110)/(-2035) + 346747/11 a prime number?
False
Suppose 4*d = -2*w + 16, -3*w - 2*d + 16 = -0*w. Suppose -w*q = 3*c - 77817, 0 = -2*c + q + 35749 + 16140. Is c a prime number?
True
Let f(v) = v. Let a(o) = 2*o**3 - 7*o**2 - 20. Let n(l) = a(l) + 5*f(l). Let b(i) be the first derivative of n(i). Is b(12) a prime number?
True
Let k = 275 + -155. Let g = k - 122. Is (g/(-3))/((-2)/(-77094)*6) a prime number?
True
Let a(t) = -6*t - 1651. Suppose 5*d = -6*l + 2*l - 10, -2*d = 3*l + 4. Let c be a(l). Let n = -1170 - c. Is n a prime number?
False
Let t be (20/30)/(6/1597149). Suppose -t = -44*m + m. Is m composite?
False
Suppose -7*w + 102 + 38 = 0. Is 16760/w*(2 - 1/(-2)) a composite number?
True
Suppose -4*s = -5*y - 0*s + 7, 0 = 2*y + 3*s - 12. Suppose -4*w + 4240 = 4*m, 0 = -22*w + 19*w - y. Is m composite?
False
Let d = 934937 - 374096. Is d a composite number?
True
Suppose -93*j - 460 = -103*j. Is j/161 - (0 + 57531/(-7)) a composite number?
False
Let s(g) = -g**3 - 7*g**2 + g + 11. Let f be s(-7). Suppose f*y = -3*l - 2137, 5*l - y + 380 = -3220. Let u = -500 - l. Is u composite?
True
Let z = 77 - 71. Is (z/(1 + 17))/((-2)/(-8634)) a prime number?
True
Is 8372 + (-14 - 0) + 9 composite?
True
Let k(y) = -34 + 16084*y + 1 + 36*y**2 - 16093*y. I